776.
111
Calculate the highest common factor of 809612 and 4.
4
What is the highest common factor of 27650 and 434?
14
What is the greatest common factor of 488 and 864?
8
What is the highest common divisor of 15369 and 159249?
327
Calculate the greatest common divisor of 374 and 1394.
34
Calculate the highest common divisor of 59514 and 406.
14
Calculate the highest common divisor of 22680 and 1215.
405
What is the greatest common factor of 9 and 172269?
9
Calculate the highest common divisor of 7424 and 7936.
256
What is the greatest common divisor of 561141 and 2?
1
What is the highest common factor of 1012 and 3212?
44
Calculate the highest common factor of 330 and 196790.
110
What is the highest common factor of 14527 and 1393?
199
What is the greatest common factor of 148 and 1508194?
74
What is the highest common factor of 1998 and 44474?
74
Calculate the greatest common factor of 4 and 9096.
4
Calculate the highest common divisor of 33764 and 414.
46
What is the greatest common factor of 23507 and 264?
11
Calculate the highest common divisor of 295218 and 1782.
594
Calculate the greatest common divisor of 17177 and 32231.
193
Calculate the highest common divisor of 7 and 212338.
7
Calculate the greatest common divisor of 294 and 2184.
42
Calculate the greatest common divisor of 691 and 29.
1
What is the highest common divisor of 20310 and 40?
10
What is the greatest common factor of 2852 and 226300?
124
What is the highest common factor of 23875 and 4625?
125
Calculate the highest common factor of 332710 and 23086.
1358
What is the highest common divisor of 7888 and 289?
17
What is the greatest common factor of 18 and 1935?
9
Calculate the highest common divisor of 197827 and 413.
413
Calculate the greatest common factor of 94 and 6298.
94
Calculate the highest common divisor of 749 and 93839.
107
What is the greatest common divisor of 3536 and 85306?
442
What is the greatest common divisor of 9 and 42489?
9
Calculate the highest common divisor of 45245 and 45.
5
Calculate the greatest common factor of 23715 and 30.
15
What is the greatest common divisor of 413 and 56?
7
Calculate the highest common divisor of 4669 and 678223.
203
Calculate the greatest common factor of 19968 and 480.
96
Calculate the highest common factor of 71944 and 102.
34
What is the greatest common divisor of 184 and 706836?
92
What is the highest common factor of 250 and 15900?
50
Calculate the greatest common factor of 19 and 489554.
19
What is the greatest common factor of 529248 and 4292?
148
Calculate the highest common divisor of 242912 and 160.
32
What is the highest common factor of 94222 and 2?
2
What is the greatest common factor of 42 and 181461?
21
What is the greatest common divisor of 90862 and 3514?
502
What is the highest common divisor of 583570 and 26?
26
Calculate the greatest common divisor of 126 and 124884.
18
Calculate the highest common divisor of 9229 and 297.
11
Calculate the highest common factor of 2530 and 1817.
23
Calculate the greatest common factor of 11776 and 230.
46
Calculate the highest common factor of 126512 and 16.
16
Calculate the greatest common factor of 158541 and 43.
43
Calculate the greatest common divisor of 912 and 78831.
57
What is the greatest common divisor of 465 and 16585?
155
What is the highest common divisor of 42997 and 18848?
589
What is the greatest common divisor of 36015 and 1960?
245
What is the highest common divisor of 2340 and 5160?
60
Calculate the highest common divisor of 357 and 4947.
51
What is the highest common factor of 444 and 2796?
12
Calculate the greatest common divisor of 87 and 131863.
29
What is the highest common factor of 51558 and 416?
26
What is the highest common factor of 176 and 22286?
22
Calculate the greatest common divisor of 46 and 32959.
23
Calculate the greatest common factor of 47066 and 1398.
466
Calculate the highest common divisor of 7 and 1690437.
7
What is the highest common factor of 72 and 32960?
8
What is the highest common factor of 20475 and 50?
25
Calculate the greatest common divisor of 89936 and 12166.
154
Calculate the greatest common factor of 16017 and 20007.
57
What is the highest common divisor of 352315 and 62?
31
Calculate the highest common divisor of 312 and 77636.
52
Calculate the greatest common divisor of 138 and 1338.
6
Calculate the highest common divisor of 340 and 2127.
1
What is the greatest common divisor of 371 and 318689?
371
Calculate the greatest common divisor of 3064040 and 210.
70
Calculate the greatest common divisor of 288 and 780768.
288
What is the greatest common divisor of 2112 and 297?
33
Calculate the highest common factor of 32802 and 759.
33
What is the greatest common divisor of 567 and 12717?
81
What is the highest common divisor of 2009 and 140?
7
What is the highest common divisor of 234 and 757874?
26
Calculate the highest common factor of 21 and 4598139.
21
What is the greatest common divisor of 2132 and 416?
52
What is the greatest common divisor of 20076 and 777?
21
Calculate the greatest common divisor of 19 and 29887.
19
Calculate the greatest common divisor of 639 and 927.
9
Calculate the highest common factor of 37 and 127613.
37
Calculate the highest common divisor of 43 and 7992066.
43
What is the greatest common divisor of 7096063 and 494?
247
Calculate the highest common factor of 12038 and 27794.
26
What is the highest common divisor of 464 and 36308?
116
Calculate the greatest common factor of 5068 and 14000.
28
Calculate the greatest common divisor of 31 and 244249.
31
Calculate the greatest common divisor of 3 and 282333.
3
What is the highest common divisor of 426 and 642?
6
Calculate the greatest common factor of 60 and 111300.
60
What is the greatest common factor of 5564152 and 22?
22
Calculate the greatest common factor of 587394 and 36.
18
Calculate the greatest common factor of 938 and 30552.
134
Calculate the greatest common divisor of 458 and 538.
2
What is the greatest common factor of 7532 and 196?
28
What is the greatest common divisor of 670873 and 956?
239
Calculate the greatest common factor of 424 and 16642.
106
Calculate the highest common factor of 309 and 447.
3
What is the highest common divisor of 14763 and 209?
19
What is the greatest common divisor of 456244 and 668?
668
What is the greatest common divisor of 5452 and 37236?
116
What is the highest common divisor of 679533 and 3?
3
Calculate the greatest common factor of 79926 and 2112.
66
Calculate the highest common factor of 219141 and 117.
117
What is the greatest common divisor of 51339 and 1884?
471
What is the highest common factor of 42 and 70206?
6
Calculate the highest common factor of 46132 and 38.
38
Calculate the greatest common factor of 8676 and 504.
36
What is the highest common divisor of 324351 and 135?
27
Calculate the greatest common factor of 2030 and 18415.
145
Calculate the greatest common divisor of 99 and 48663.
9
Calculate the greatest common divisor of 46505 and 3275.
655
What is the greatest common divisor of 310 and 30?
10
What is the highest common divisor of 80778 and 15?
3
What is the highest common divisor of 396720 and 342?
342
Calculate the highest common factor of 153442 and 68.
34
Calculate the greatest common divisor of 2120 and 25020.
20
What is the greatest common factor of 5466618 and 2152?
538
Calculate the greatest common factor of 213 and 1053995.
71
What is the greatest common factor of 34986 and 5814?
102
What is the greatest common divisor of 1650 and 307450?
550
What is the greatest common divisor of 9 and 7083?
9
What is the highest common divisor of 23 and 271147?
23
Calculate the highest common factor of 52 and 16679.
13
What is the greatest common factor of 51634 and 484?
22
Calculate the highest common divisor of 2139 and 1104.
69
What is the greatest common divisor of 349 and 1250467?
349
What is the highest common divisor of 2214 and 31898?
82
What is the greatest common divisor of 4216 and 1292?
68
Calculate the greatest common divisor of 2628 and 282.
6
What is the highest common factor of 35992 and 33?
11
Calculate the greatest common divisor of 195321 and 42.
21
Calculate the greatest common factor of 54076 and 44.
44
What is the highest common factor of 60 and 32196?
1